{"id":85,"date":"2025-05-31T08:42:00","date_gmt":"2025-05-31T06:42:00","guid":{"rendered":"http:\/\/greenify-demo.pbminfotech.com\/demo1\/?page_id=2381"},"modified":"2025-06-02T02:47:18","modified_gmt":"2025-06-02T00:47:18","slug":"contact-us","status":"publish","type":"page","link":"https:\/\/w2.sigob.org\/index.php\/contact-us","title":{"rendered":"Cont\u00e1ctenos"},"content":{"rendered":"\t\t<div data-elementor-type=\"wp-page\" data-elementor-id=\"85\" class=\"elementor elementor-85\">\n\t\t\t\t\t\t<section class=\"elementor-section elementor-top-section elementor-element elementor-element-4aa05aa pbmit-col-stretched-none pbmit-cursor-color-blackish-color pbmit-bg-color-over-image elementor-section-boxed elementor-section-height-default elementor-section-height-default\" data-id=\"4aa05aa\" data-element_type=\"section\">\n\t\t\t\t\t\t<div class=\"elementor-container elementor-column-gap-no\">\n\t\t\t\t\t<div class=\"elementor-column elementor-col-50 elementor-top-column elementor-element elementor-element-8fa9fee pbmit-bg-color-over-image\" data-id=\"8fa9fee\" data-element_type=\"column\" data-settings=\"{&quot;background_background&quot;:&quot;classic&quot;}\">\n\t\t\t<div class=\"elementor-widget-wrap elementor-element-populated\">\n\t\t\t\t\t\t<div class=\"elementor-element elementor-element-157e8a6 elementor-widget elementor-widget-pbmit_custom_heading\" data-id=\"157e8a6\" data-element_type=\"widget\" data-widget_type=\"pbmit_custom_heading.default\">\n\t\t\t\t<div class=\"elementor-widget-container\">\n\t\t\t\t\t\t<div class=\"pbmit-custom-heading \"><h5 class=\"pbmit-element-title\">\r\n\t\t\t\r\n\t\t\t\tCentro Regional PNUD Am\u00e9rica Latina \r\n\t\t\t\r\n\t\t\t<\/h5>\r\n\t\t<\/div>\t\t\t\t<\/div>\n\t\t\t\t<\/div>\n\t\t\t\t<div class=\"elementor-element elementor-element-f13fee4 elementor-widget elementor-widget-text-editor\" data-id=\"f13fee4\" data-element_type=\"widget\" data-widget_type=\"text-editor.default\">\n\t\t\t\t<div class=\"elementor-widget-container\">\n\t\t\t\t\t\t\t\t\t<p>Avenida Centenario PH Dream Plaza, piso 12 Costa del Este, Ciudad de Panam\u00e1 Panam\u00e1.<\/p><p><a href=\"mailto:info.sigob@undp.org\" target=\"_blank\" rel=\"noopener\">info.sigob@undp.org<\/a><\/p>\t\t\t\t\t\t\t\t<\/div>\n\t\t\t\t<\/div>\n\t\t\t\t\t<\/div>\n\t\t<\/div>\n\t\t\t\t<div class=\"elementor-column elementor-col-50 elementor-top-column elementor-element elementor-element-984773f pbmit-bg-color-yes pbmit-elementor-bg-color-light pbmit-bg-color-over-image\" data-id=\"984773f\" data-element_type=\"column\">\n\t\t\t<div class=\"elementor-widget-wrap elementor-element-populated\">\n\t\t\t\t\t\t<div class=\"elementor-element elementor-element-6ba491e elementor-widget elementor-widget-pbmit_custom_heading\" data-id=\"6ba491e\" data-element_type=\"widget\" data-widget_type=\"pbmit_custom_heading.default\">\n\t\t\t\t<div class=\"elementor-widget-container\">\n\t\t\t\t\t\t<div class=\"pbmit-custom-heading \"><h5 class=\"pbmit-element-title\">\r\n\t\t\t\r\n\t\t\t\tSede administrativa PNUD-SIGOB \r\n\t\t\t\r\n\t\t\t<\/h5>\r\n\t\t<\/div>\t\t\t\t<\/div>\n\t\t\t\t<\/div>\n\t\t\t\t<div class=\"elementor-element elementor-element-4c72a30 elementor-widget elementor-widget-text-editor\" data-id=\"4c72a30\" data-element_type=\"widget\" data-widget_type=\"text-editor.default\">\n\t\t\t\t<div class=\"elementor-widget-container\">\n\t\t\t\t\t\t\t\t\t<p>Jaime Bestard 2692 esq. Denis Roa Barrio San Jorge Asunci\u00f3n, Paraguay. C\u00f3digo Postal 1827<\/p><p><a href=\"mailto:pqr@undp.org\" target=\"_blank\" rel=\"noopener\">pqr@undp.org<\/a><\/p>\t\t\t\t\t\t\t\t<\/div>\n\t\t\t\t<\/div>\n\t\t\t\t\t<\/div>\n\t\t<\/div>\n\t\t\t\t\t<\/div>\n\t\t<\/section>\n\t\t\t\t<\/div>\n\t\t","protected":false},"excerpt":{"rendered":"<p>Centro Regional PNUD Am\u00e9rica Latina Avenida Centenario PH Dream Plaza, piso 12 Costa del Este, Ciudad de Panam\u00e1 Panam\u00e1. info.sigob@undp.org Sede administrativa PNUD-SIGOB Jaime Bestard 2692 esq. Denis Roa Barrio San Jorge Asunci\u00f3n, Paraguay. C\u00f3digo Postal 1827 pqr@undp.org<\/p>\n","protected":false},"author":1,"featured_media":0,"parent":0,"menu_order":37,"comment_status":"closed","ping_status":"closed","template":"","meta":{"_acf_changed":false,"inline_featured_image":false,"footnotes":""},"class_list":["post-85","page","type-page","status-publish","hentry"],"acf":[],"_links":{"self":[{"href":"https:\/\/w2.sigob.org\/index.php\/wp-json\/wp\/v2\/pages\/85","targetHints":{"allow":["GET"]}}],"collection":[{"href":"https:\/\/w2.sigob.org\/index.php\/wp-json\/wp\/v2\/pages"}],"about":[{"href":"https:\/\/w2.sigob.org\/index.php\/wp-json\/wp\/v2\/types\/page"}],"author":[{"embeddable":true,"href":"https:\/\/w2.sigob.org\/index.php\/wp-json\/wp\/v2\/users\/1"}],"replies":[{"embeddable":true,"href":"https:\/\/w2.sigob.org\/index.php\/wp-json\/wp\/v2\/comments?post=85"}],"version-history":[{"count":8,"href":"https:\/\/w2.sigob.org\/index.php\/wp-json\/wp\/v2\/pages\/85\/revisions"}],"predecessor-version":[{"id":1127,"href":"https:\/\/w2.sigob.org\/index.php\/wp-json\/wp\/v2\/pages\/85\/revisions\/1127"}],"wp:attachment":[{"href":"https:\/\/w2.sigob.org\/index.php\/wp-json\/wp\/v2\/media?parent=85"}],"curies":[{"name":"wp","href":"https:\/\/api.w.org\/{rel}","templated":true}]}}