{"id":265,"date":"2025-05-21T18:46:57","date_gmt":"2025-05-21T16:46:57","guid":{"rendered":"https:\/\/w2.sigob.org\/?page_id=265"},"modified":"2025-06-05T16:16:36","modified_gmt":"2025-06-05T14:16:36","slug":"instituciones","status":"publish","type":"page","link":"https:\/\/w2.sigob.org\/index.php\/instituciones","title":{"rendered":"Instituciones"},"content":{"rendered":"\t\t<div data-elementor-type=\"wp-page\" data-elementor-id=\"265\" class=\"elementor elementor-265\">\n\t\t\t\t\t\t<section class=\"elementor-section elementor-top-section elementor-element elementor-element-91c1d39 elementor-section-content-bottom pbmit-col-stretched-none pbmit-cursor-color-blackish-color pbmit-bg-color-over-image elementor-section-boxed elementor-section-height-default elementor-section-height-default\" data-id=\"91c1d39\" data-element_type=\"section\">\n\t\t\t\t\t\t<div class=\"elementor-container elementor-column-gap-no\">\n\t\t\t\t\t<div class=\"elementor-column elementor-col-100 elementor-top-column elementor-element elementor-element-f29130e pbmit-bg-color-over-image\" data-id=\"f29130e\" data-element_type=\"column\">\n\t\t\t<div class=\"elementor-widget-wrap elementor-element-populated\">\n\t\t\t\t\t\t<div class=\"elementor-element elementor-element-775fdb7 elementor-widget elementor-widget-pbmit_heading\" data-id=\"775fdb7\" data-element_type=\"widget\" data-widget_type=\"pbmit_heading.default\">\n\t\t\t\t<div class=\"elementor-widget-container\">\n\t\t\t\t\t\t<div class=\"pbmit-heading-subheading pbmit-heading-subheading-style-1 pbmit-reverse-heading-yes\"><h2 class=\"pbmit-element-title\">\r\n\t\t\t\r\n\t\t\t\tAliados estrat\u00e9gicos para <br \/>instituciones m\u00e1s eficaces\r\n\t\t\t\r\n\t\t\t<\/h2>\r\n\t\t<div class=\"pbmit-heading-desc\">Contamos con una l\u00ednea de trabajo dedicada al acompa\u00f1amiento de instituciones p\u00fablicas en sus distintos niveles. A trav\u00e9s de metodolog\u00edas probadas y soluciones digitales innovadoras, apoyamos el desarrollo de capacidades, la mejora de la gesti\u00f3n p\u00fablica y la implementaci\u00f3n de cambios sostenibles que generan resultados visibles para la ciudadan\u00eda.<\/div><\/div>\t\t\t\t<\/div>\n\t\t\t\t<\/div>\n\t\t\t\t<div class=\"elementor-element elementor-element-ee872d7 elementor-widget elementor-widget-accordion\" data-id=\"ee872d7\" data-element_type=\"widget\" data-widget_type=\"accordion.default\">\n\t\t\t\t<div class=\"elementor-widget-container\">\n\t\t\t\t\t\t\t<div class=\"elementor-accordion\">\n\t\t\t\t\t\t\t<div class=\"elementor-accordion-item\">\n\t\t\t\t\t<div id=\"elementor-tab-title-2501\" class=\"elementor-tab-title\" data-tab=\"1\" role=\"button\" aria-controls=\"elementor-tab-content-2501\" aria-expanded=\"false\">\n\t\t\t\t\t\t\t\t\t\t\t\t<a class=\"elementor-accordion-title\" tabindex=\"0\">Presidencias y oficinas de primeros ministros<\/a>\n\t\t\t\t\t<\/div>\n\t\t\t\t\t<div id=\"elementor-tab-content-2501\" class=\"elementor-tab-content elementor-clearfix\" data-tab=\"1\" role=\"region\" aria-labelledby=\"elementor-tab-title-2501\"><p><a href=\"https:\/\/w2.sigob.org\/wp-content\/uploads\/2025\/06\/1-Presidencias-turquesa.svg\"><img decoding=\"async\" class=\"alignnone wp-image-1589 \" role=\"img\" src=\"https:\/\/w2.sigob.org\/wp-content\/uploads\/2025\/06\/1-Presidencias-turquesa.svg\" alt=\"\" width=\"146\" height=\"146\" \/><\/a><\/p><p>Como \u00f3rganos rectores del poder ejecutivo, son los responsables de la formulaci\u00f3n de directrices de gobierno, coordinaci\u00f3n interministerial y administraci\u00f3n central del Estado. Ejercen liderazgo estrat\u00e9gico en pol\u00edticas p\u00fablicas y diplomacia, con autoridad directa sobre el gabinete y estructura de la gesti\u00f3n p\u00fablica.\u00a0 A menudo estos gobiernos enfrentan crecientes expectativas ciudadanas, restricciones fiscales, turbulencias pol\u00edticas y dificultades de coordinaci\u00f3n, y deben hacer m\u00e1s, m\u00e1s r\u00e1pido y con pocos recursos disponibles.<\/p><\/div>\n\t\t\t\t<\/div>\n\t\t\t\t\t\t\t<div class=\"elementor-accordion-item\">\n\t\t\t\t\t<div id=\"elementor-tab-title-2502\" class=\"elementor-tab-title\" data-tab=\"2\" role=\"button\" aria-controls=\"elementor-tab-content-2502\" aria-expanded=\"false\">\n\t\t\t\t\t\t\t\t\t\t\t\t<a class=\"elementor-accordion-title\" tabindex=\"0\">Ministerios y agencias especializadas<\/a>\n\t\t\t\t\t<\/div>\n\t\t\t\t\t<div id=\"elementor-tab-content-2502\" class=\"elementor-tab-content elementor-clearfix\" data-tab=\"2\" role=\"region\" aria-labelledby=\"elementor-tab-title-2502\"><p><a href=\"https:\/\/w2.sigob.org\/wp-content\/uploads\/2025\/06\/2-Ministerios-turquesa.svg\"><img decoding=\"async\" class=\"alignnone wp-image-1590 \" role=\"img\" src=\"https:\/\/w2.sigob.org\/wp-content\/uploads\/2025\/06\/2-Ministerios-turquesa.svg\" alt=\"\" width=\"155\" height=\"155\" \/><\/a><\/p><p>Estas unidades administrativas del poder ejecutivo tienen competencias regladas que desarrollan, implementan y supervisan pol\u00edticas sectoriales a trav\u00e9s de la normativa vigente de cada pa\u00eds, actuando mediante la ejecuci\u00f3n de programas y la regulaci\u00f3n t\u00e9cnica de sus \u00e1mbitos de actuaci\u00f3n. Uno de los problemas b\u00e1sicos en una oficina ejecutiva del sector p\u00fablico es coordinar grandes equipos dispersos en numerosas agencias en contextos altamente din\u00e1micos.<\/p><\/div>\n\t\t\t\t<\/div>\n\t\t\t\t\t\t\t<div class=\"elementor-accordion-item\">\n\t\t\t\t\t<div id=\"elementor-tab-title-2503\" class=\"elementor-tab-title\" data-tab=\"3\" role=\"button\" aria-controls=\"elementor-tab-content-2503\" aria-expanded=\"false\">\n\t\t\t\t\t\t\t\t\t\t\t\t<a class=\"elementor-accordion-title\" tabindex=\"0\">Gobiernos subnacionales y locales<\/a>\n\t\t\t\t\t<\/div>\n\t\t\t\t\t<div id=\"elementor-tab-content-2503\" class=\"elementor-tab-content elementor-clearfix\" data-tab=\"3\" role=\"region\" aria-labelledby=\"elementor-tab-title-2503\"><p><a href=\"https:\/\/w2.sigob.org\/wp-content\/uploads\/2025\/06\/3-Gobiernos-subnacionales-y-locales-turquesa.svg\"><img decoding=\"async\" class=\"alignnone wp-image-1591 \" role=\"img\" src=\"https:\/\/w2.sigob.org\/wp-content\/uploads\/2025\/06\/3-Gobiernos-subnacionales-y-locales-turquesa.svg\" alt=\"\" width=\"161\" height=\"161\" \/><\/a><\/p><p>Las entidades administrativas con personalidad jur\u00eddica y autonom\u00eda pol\u00edtica, fiscal y geogr\u00e1fica \u2014como gobiernos regionales, estatales y locales\u2014 son actores clave para la gobernabilidad democr\u00e1tica. Operan bajo marcos legales espec\u00edficos y son responsables de la planificaci\u00f3n estrat\u00e9gica territorial, la gesti\u00f3n de presupuestos locales y la prestaci\u00f3n de servicios p\u00fablicos esenciales que impactan directamente en la vida de las personas.<\/p><p>\u00a0<\/p><p>Uno de los desaf\u00edos m\u00e1s recurrentes en estas instituciones es la transici\u00f3n de autoridades. Estos cambios, fundamentales para el fortalecimiento democr\u00e1tico, pueden resultar complejos y requieren altos niveles de coordinaci\u00f3n para garantizar la continuidad de los servicios p\u00fablicos, as\u00ed como la puesta en marcha efectiva de la nueva visi\u00f3n de gobierno.<\/p><\/div>\n\t\t\t\t<\/div>\n\t\t\t\t\t\t\t<div class=\"elementor-accordion-item\">\n\t\t\t\t\t<div id=\"elementor-tab-title-2504\" class=\"elementor-tab-title\" data-tab=\"4\" role=\"button\" aria-controls=\"elementor-tab-content-2504\" aria-expanded=\"false\">\n\t\t\t\t\t\t\t\t\t\t\t\t<a class=\"elementor-accordion-title\" tabindex=\"0\">Instituciones del sistema de justicia<\/a>\n\t\t\t\t\t<\/div>\n\t\t\t\t\t<div id=\"elementor-tab-content-2504\" class=\"elementor-tab-content elementor-clearfix\" data-tab=\"4\" role=\"region\" aria-labelledby=\"elementor-tab-title-2504\"><p><a href=\"https:\/\/w2.sigob.org\/wp-content\/uploads\/2025\/06\/4-Instituciones-justicia-turquesa.svg\"><img loading=\"lazy\" decoding=\"async\" class=\"alignnone wp-image-1592 \" role=\"img\" src=\"https:\/\/w2.sigob.org\/wp-content\/uploads\/2025\/06\/4-Instituciones-justicia-turquesa.svg\" alt=\"\" width=\"148\" height=\"148\" \/><\/a><\/p><p>Organismos judiciales y jurisdiccionales independientes e integrados por cortes, tribunales, fiscal\u00edas y defensor\u00edas, que garantizan la aplicaci\u00f3n de normas jur\u00eddicas, la protecci\u00f3n de derechos y la resoluci\u00f3n de conflictos a trav\u00e9s de procedimientos codificados y principios de debido proceso.<\/p><p>\u00a0<\/p><p>La transformaci\u00f3n digital en este tipo de instituci\u00f3n p\u00fablica, o cualquier otra, requiere digitalizar grandes archivos en papel y gestionar un creciente volumen de documentos digitales generados en diferentes procedimientos gubernamentales.<\/p><\/div>\n\t\t\t\t<\/div>\n\t\t\t\t\t\t\t<div class=\"elementor-accordion-item\">\n\t\t\t\t\t<div id=\"elementor-tab-title-2505\" class=\"elementor-tab-title\" data-tab=\"5\" role=\"button\" aria-controls=\"elementor-tab-content-2505\" aria-expanded=\"false\">\n\t\t\t\t\t\t\t\t\t\t\t\t<a class=\"elementor-accordion-title\" tabindex=\"0\">Instituciones aut\u00f3nomas<\/a>\n\t\t\t\t\t<\/div>\n\t\t\t\t\t<div id=\"elementor-tab-content-2505\" class=\"elementor-tab-content elementor-clearfix\" data-tab=\"5\" role=\"region\" aria-labelledby=\"elementor-tab-title-2505\"><p><a href=\"https:\/\/w2.sigob.org\/wp-content\/uploads\/2025\/06\/5-Instituciones-autonomas-turquesa.svg\"><img loading=\"lazy\" decoding=\"async\" class=\"alignnone wp-image-1593 \" role=\"img\" src=\"https:\/\/w2.sigob.org\/wp-content\/uploads\/2025\/06\/5-Instituciones-autonomas-turquesa.svg\" alt=\"\" width=\"146\" height=\"146\" \/><\/a><\/p><p>Son entes p\u00fablicos creados por mandato constitucional o legal, con capacidad para tomar decisiones vinculantes sin injerencia de otros poderes del Estado. Supervisan y regulan \u00e1reas espec\u00edficas (p.e., autoridad electoral, banco central), asegurando imparcialidad y estabilidad en sus funciones.\u00a0La correspondencia en una instituci\u00f3n p\u00fablica es un problema crucial para la gesti\u00f3n de solicitudes ciudadanas, comunicaciones interinstitucionales y transacciones gubernamentales, y su manejo ineficiente puede afectar la efectividad, transparencia y responsabilidad institucional.<\/p><\/div>\n\t\t\t\t<\/div>\n\t\t\t\t\t\t\t\t<\/div>\n\t\t\t\t\t\t<\/div>\n\t\t\t\t<\/div>\n\t\t\t\t\t<\/div>\n\t\t<\/div>\n\t\t\t\t\t<\/div>\n\t\t<\/section>\n\t\t\t\t<\/div>\n\t\t","protected":false},"excerpt":{"rendered":"<p>Aliados estrat\u00e9gicos para instituciones m\u00e1s eficaces Contamos con una l\u00ednea de trabajo dedicada al acompa\u00f1amiento de instituciones p\u00fablicas en sus distintos niveles. A trav\u00e9s de metodolog\u00edas probadas y soluciones digitales innovadoras, apoyamos el desarrollo de capacidades, la mejora de la gesti\u00f3n p\u00fablica y la implementaci\u00f3n de cambios sostenibles que generan resultados visibles para la ciudadan\u00eda. [&hellip;]<\/p>\n","protected":false},"author":1,"featured_media":0,"parent":0,"menu_order":0,"comment_status":"closed","ping_status":"closed","template":"","meta":{"_acf_changed":false,"inline_featured_image":false,"footnotes":""},"class_list":["post-265","page","type-page","status-publish","hentry"],"acf":[],"_links":{"self":[{"href":"https:\/\/w2.sigob.org\/index.php\/wp-json\/wp\/v2\/pages\/265","targetHints":{"allow":["GET"]}}],"collection":[{"href":"https:\/\/w2.sigob.org\/index.php\/wp-json\/wp\/v2\/pages"}],"about":[{"href":"https:\/\/w2.sigob.org\/index.php\/wp-json\/wp\/v2\/types\/page"}],"author":[{"embeddable":true,"href":"https:\/\/w2.sigob.org\/index.php\/wp-json\/wp\/v2\/users\/1"}],"replies":[{"embeddable":true,"href":"https:\/\/w2.sigob.org\/index.php\/wp-json\/wp\/v2\/comments?post=265"}],"version-history":[{"count":67,"href":"https:\/\/w2.sigob.org\/index.php\/wp-json\/wp\/v2\/pages\/265\/revisions"}],"predecessor-version":[{"id":1805,"href":"https:\/\/w2.sigob.org\/index.php\/wp-json\/wp\/v2\/pages\/265\/revisions\/1805"}],"wp:attachment":[{"href":"https:\/\/w2.sigob.org\/index.php\/wp-json\/wp\/v2\/media?parent=265"}],"curies":[{"name":"wp","href":"https:\/\/api.w.org\/{rel}","templated":true}]}}